 -l**2 + 96*l + 4800. Give w(121).
1775
Let t(o) = 85450*o + 427265. Give t(-5).
15
Let p(s) = 9*s**3 - 4*s**2 - 6*s + 137. Give p(4).
625
Let i(w) = 1275038*w - 3825109. Determine i(3).
5
Let m(k) = 5035*k - 553849. Determine m(110).
1
Let x(j) = j**2 + 551*j - 49774. Determine x(79).
-4
Let t(q) = 258518*q + 1551121. What is t(-6)?
13
Let y(m) = m**3 + 8*m**2 - 61*m + 7. Calculate y(-12).
163
Let b(n) = -634*n + 7245. Give b(12).
-363
Let s(a) = 775*a - 6259. What is s(8)?
-59
Let w(i) = -8*i**2 + 3145*i - 9349. Determine w(3).
14
Let t(f) = -f**3 + 86*f**2 + 219*f - 32490. Give t(84).
18
Let g(s) = 11*s**3 - 134*s**2 - 495*s + 6259. What is g(12)?
31
Let j(d) = -d**2 - 495*d - 16427. Determine j(-36).
97
Let y(v) = -6*v**2 - 2*v - 832. Determine y(0).
-832
Let x(n) = -3*n**3 + 44*n**2 - 167*n - 38. Give x(11).
-544
Let g(f) = 89*f**2 + 1422*f + 43. Give g(-16).
75
Let z(l) = -26*l**2 + 314*l - 927. Calculate z(5).
-7
Let b(z) = -4285*z - 1803982. Give b(-421).
3
Let j(t) = 2650*t - 1417786. Give j(535).
-36
Let f(g) = 320*g + 45748. Calculate f(-146).
-972
Let z(d) = -5925*d - 491765. What is z(-83)?
10
Let u(f) = -146647*f + 586590. Calculate u(4).
2
Let a(f) = -f**2 - 2755*f + 16569. Determine a(6).
3
Let g(h) = 12122*h + 36222. What is g(-3)?
-144
Let c(o) = -o**3 + 18*o**2 - 3994*o + 43906. Give c(11).
819
Let d(o) = -o**3 + 251*o**2 + 191*o - 110261. Calculate d(250).
-11
Let z(u) = 100*u + 6917. What is z(-64)?
517
Let w(p) = 4*p**3 + 535*p**2 + 1452*p + 468. What is w(-131)?
-973
Let l(b) = 5*b**2 + 868*b + 18018. Calculate l(-150).
318
Let q(z) = -z**3 + 65*z**2 - 1044*z - 79. What is q(29)?
-79
Let u(i) = -2*i**3 + 244*i**2 + 4109*i + 127. Determine u(137).
-10
Let n(t) = -t**3 - 358*t**2 + 8358*t - 748. Calculate n(-380).
12
Let n(x) = 3*x**2 + 1793*x - 5359. What is n(3)?
47
Let t(c) = 3704*c + 1444566. Calculate t(-390).
6
Let g(a) = a**2 + 1047*a - 3160. What is g(3)?
-10
Let w(y) = -68*y**2 - 41*y - 16. Calculate w(4).
-1268
Let n(o) = 232*o + 3286. What is n(-13)?
270
Let a(o) = 2*o**3 - 83*o**2 - 685*o - 21158. Give a(52).
6
Let h(j) = 3*j**2 + 148326*j - 296654. Determine h(2).
10
Let z(l) = -2*l**3 - 754*l**2 + 4558*l - 127. Calculate z(6).
-355
Let q(n) = -17*n**3 + 76*n**2 - 120*n + 44. What is q(1)?
-17
Let s(l) = -15271*l - 1359133. Determine s(-89).
-14
Let r(u) = 4*u**3 - 432*u**2 + 840*u - 213. Calculate r(106).
-1061
Let r(v) = -6681*v - 1062276. Determine r(-159).
3
Let n(m) = -6*m**3 + 176*m**2 - 524*m + 100. Determine n(26).
-4
Let g(l) = -12*l**2 + 252*l - 130. Give g(17).
686
Let i(s) = -2*s**3 - 311*s**2 - 577*s - 18092. What is i(-154)?
-382
Let f(g) = -97*g - 4492. Calculate f(-40).
-612
Let c(j) = 5*j**3 - 19*j**2 + 81*j + 179. Give c(-2).
-99
Let u(y) = -204*y**2 - 1957*y - 1095. Give u(-9).
-6
Let j(k) = k**3 - 14*k**2 + 75*k - 508. Determine j(9).
-238
Let f(p) = -2*p**2 + 1103*p + 45557. What is f(-39)?
-502
Let b(k) = -13*k**3 + 3228*k**2 - 19832*k - 2907. Determine b(242).
-3
Let l(q) = 62767*q + 7845868. What is l(-125)?
-7
Let k(d) = 5619*d + 11205. Give k(-2).
-33
Let w(s) = -8*s**2 + 191*s - 923. What is w(14)?
183
Let b(a) = -3*a**3 + 16*a**2 - 284*a + 2049. Give b(7).
-184
Let g(a) = 2*a**2 - 76*a - 6708. Calculate g(-42).
12
Let i(d) = -1031135*d - 9280246. Determine i(-9).
-31
Let k(h) = -h**2 - 129*h - 155. Calculate k(-125).
345
Let s(i) = -21*i**3 + 21799*i**2 - 1013*i - 25954. Calculate s(1038).
-4
Let c(q) = -903*q - 139851. Give c(-155).
114
Let t(r) = 392*r**2 + 3938*r + 182. Give t(-10).
2
Let i(s) = -291*s - 12505. Calculate i(-43).
8
Let w(l) = -402949*l + 37474263. What is w(93)?
6
Let i(u) = 1293*u - 543125. Determine i(420).
-65
Let y(g) = 9*g**3 + 2805*g**2 - 18124*g + 606. Determine y(-318).
-30
Let b(y) = -22*y**2 + 5*y - 91. What is b(-9)?
-1918
Let w(s) = -12*s**2 + 10061*s + 40298. Determine w(-4).
-138
Let x(a) = 18*a**2 + 81*a - 24. Give x(-4).
-60
Let k(y) = -y**2 + 76*y - 176. Give k(64).
592
Let w(t) = 2*t**2 - 175*t + 165. Determine w(94).
1387
Let p(w) = 4*w**3 - 66*w**2 + 624*w - 11160. Calculate p(17).
26
Let t(y) = -235*y**2 - 2239*y + 214. What is t(-10)?
-896
Let w(i) = 4*i**3 + 164*i**2 + 366*i + 2102. Give w(-39).
-4
Let i(l) = -5*l**3 - 715*l**2 - 47*l - 6772. Determine i(-143).
-51
Let z(r) = -20*r**3 + 42*r**2 + 2524*r - 5045. What is z(2)?
11
Let o(y) = y**3 + 187*y**2 + 7104*y - 21. Give o(-53).
-127
Let s(q) = 20813*q + 999011. Give s(-48).
-13
Let q(i) = -24*i**2 - 241*i - 502. Determine q(-7).
9
Let y(a) = -17*a**3 + 5*a**2 - 107*a + 637. Calculate y(6).
-3497
Let t(b) = 143*b + 1512. What is t(-27)?
-2349
Let w(n) = -4*n**3 - 6*n**2 - 409*n - 2499. Determine w(-6).
603
Let a(k) = -2*k**2 + 9156*k + 146833. Determine a(-16).
-175
Let f(m) = -20*m**2 - 1010*m - 2016. Calculate f(-2).
-76
Let o(c) = -125*c - 229. What is o(-14)?
1521
Let u(z) = -320*z - 5635. Give u(-18).
125
Let o(k) = -42*k**2 + 561*k - 1165. Give o(10).
245
Let c(o) = o**3 + 459*o**2 + 482*o + 10997. What is c(-458)?
5
Let o(l) = -2408*l - 41411. What is o(-17)?
-475
Let g(l) = 3*l**2 + 1045*l - 19382. Give g(-366).
16
Let x(y) = -y**3 - 56*y**2 - 234*y - 128. What is x(-4)?
-24
Let n(g) = 2282*g - 606960. Calculate n(266).
52
Let d(v) = 18*v**2 + 763*v + 933. Determine d(-45).
3048
Let b(g) = -g**3 - 66*g**2 - 204*g + 129. Give b(-63).
1074
Let z(g) = -341*g - 5118. Calculate z(-15).
-3
Let d(y) = 2415*y**2 - 16859*y - 360. Give d(7).
-38
Let q(a) = -15988*a + 223832. Calculate q(14).
0
Let z(g) = -g**2 + 311427*g - 5605355. What is z(18)?
7
Let l(w) = 5479*w - 38258. Give l(7).
95
Let t(f) = -f**2 - 164996*f - 1814829. Determine t(-11).
6
Let v(l) = -324991*l - 1299944. What is v(-4)?
20
Let v(z) = -31148*z - 249190. Calculate v(-8).
-6
Let b(v) = v**3 - 14*v**2 - 124*v + 206. Calculate b(20).
126
Let g(x) = -37144*x + 37116. Determine g(1).
-28
Let m(b) = -48365*b + 193467. Determine m(4).
7
Let k(c) = -2*c**3 - 279*c**2 + 711*c - 54. Give k(-142).
-196
Let a(j) = -32996*j - 824419. Determine a(-25).
481
Let h(a) = -a**3 + 137*a**2 + 2587*a - 303418. Calculate h(140).
-38
Let u(t) = 4764*t + 152443. Calculate u(-32).
-5
Let a(d) = -2*d**3 + 121*d**2 + 1163*d + 18. Give a(69).
-672
Let h(r) = r**3 + 75*r**2 + 416*r + 144. What is h(-69)?
6
Let l(a) = -232068*a - 12763734. Give l(-55).
6
Let t(o) = -158*o**3 + 1420*o**2 - 112*o + 1142. Give t(9).
-28
Let i(u) = 2*u**3 - 136*u**2 + 1113*u + 2774. What is i(12)?
2
Let n(v) = 96*v**2 + 384*v + 1. What is n(-4)?
1
Let s(y) = 2866*y - 111872. Calculate s(39).
-98
Let y(f) = 325408*f + 976251. What is y(-3)?
27
Let v(w) = 5*w**2 - 1080*w - 14158. Determine v(-13).
727
Let a(p) = 1931*p - 266440. Give a(138).
38
Let k(l) = 7666*l + 306633. What is k(-40)?
-7
Let g(a) = 143*a**3 - 47*a**2 - 23*a + 21. Give g(-1).
-146
Let q(u) = 5938*u + 29594. What is q(-5)?
-96
Let o(h) = -61*h**2 - 304*h + 298. What is o(1)?
-67
Let t(x) = 3443*x - 44762. Calculate t(13).
-3
Let k(u) = 10*u**2 + 69*u + 131. What is k(-2)?
33
Let s(r) = -r**2 - 40601*r + 649883. Give s(16).
11
Let x(h) = -5233535*h + 20934133. Determine x(4).
-7
Let j(l) = -84*l - 2825. Calculate j(-32).
-137
Let m(j) = 181*j**2 - 11753*j - 801. Give m(65).
-21
Let w(r) = 39*r + 2639. What is w(3)?
2756
Let x(q) = -18*q**2 - 33*q - 125. Determine x(-3).
-188
Let o(y) = -y**3 + 118*y**2 - 251*y + 2234. Determine o(116).
30
Let t(w) = 39*w**2 + 2618*w + 447. Calculate t(-67).
112
Let j(a) = -103*a**2 + 21325*a - 819. What is j(207)?
9
Let z(v) = 265*v + 5351. What is z(-23)?
-744
Let i(q) = q**3 - 19*q**2 - 201*q + 1917. Calculate i(24).
-27
Let q(w) = -267*w**2 - 5605*w + 14. Determine q(-21).
-28
Let b(d) = 2*d**3 - 61*d**2 + 329*d - 108. Determine b(24).
300
Let a(i) = 20*i**3 + 5*i**2 - 119*i - 238. What is a(-2)?
-140
Let q(d) = 663*d + 100525. Calculate q(-151).
412
Let w(y) = 5249*y + 53195. What is w(-10)?
705
Let p(g) = 7*g**2 - 944*g - 2870. What is p(-3)?
25
Let o(u) = -3347*u - 190704. Give o(-57).
75
Let j(t) = 7*t**2 - 655*t + 10725. Calculate j(73).
213
Let o(z) = -z**3 - 502*z**2 + 489*z - 7040. Give o(-503).
2
Let j(d) = -d**3 - 248*d**2 + 4514*d - 205. Give j(17).
-52
Let q(i) = 42*i**2 - 464*i - 58. Calculate q(11).
-80
Let n(o) = 2*o**2 - 14668*o - 29338. Give n(-2).